d 4?
4
Let f be (0 - (1 + 2)) + 737. Suppose 2*g - o - 471 = 0, -f = -2*g + 4*o - 254. What is the greatest common divisor of 18 and g?
18
Let x = 878 + -716. Suppose x = -v + 2*v. What is the greatest common divisor of 6 and v?
6
Let f(m) be the second derivative of 2*m**3/3 - 24*m**2 + 13*m. Let i be f(15). Calculate the greatest common factor of i and 84.
12
Let f be ((-21)/(-1))/((-147)/(-14945)). What is the greatest common factor of 70 and f?
35
Suppose 364 + 620 = 3*v. Let b be (-966)/(-24) + 15/20. Calculate the highest common factor of v and b.
41
Suppose -6*j = -0*j - 996. Suppose -252*c + 251*c = 0. Suppose -4*l + j = -2*o, 5*o - 185 = -5*l - c*o. Calculate the highest common factor of l and 8.
8
Let y be 3/5 + (2244/(-850))/((-8)/180). Calculate the highest common factor of 6940 and y.
20
Let s(h) = 2*h**2 - 6*h + 16. Let y be -3*-3*30/54. Let a be s(y). What is the highest common factor of 4 and a?
4
Suppose -m + 3*m - 9*d = 533, 5*m - 1391 = 3*d. What is the greatest common divisor of m and 224?
56
Let p = -6 + 447. Let i = p - 438. What is the greatest common divisor of 33 and i?
3
Suppose -5*z - 26 = 19. Let l be (-1 + z)/(-2) - 2. Suppose -388 = -44*g + 140. What is the greatest common divisor of g and l?
3
Let z = 74 - 63. Let r(m) = -17*m**2 - m**3 - z*m**2 - 11 + 21*m**2 - 9*m. Let k be r(-7). What is the greatest common factor of 39 and k?
13
Suppose 12*z + l = 17*z - 996, 2*z = -l + 404. Let b = 59 + -19. What is the highest common divisor of z and b?
40
Let m = -27 - -41. Let s(w) = 1398*w + 2838. Let f be s(-2). What is the greatest common divisor of m and f?
14
Let u = -192 + 195. Let n(w) = -7*w + 27. Let g be n(u). Calculate the greatest common factor of g and 6.
6
Let m be 25/15*15978 - (-45)/(-27)*-3. Calculate the highest common factor of m and 35.
35
Let b = 193 - 1227. Let r be b/22*(0 - 1). What is the highest common factor of 1 and r?
1
Let x(r) = 76*r + 14. Let f be x(5). Let v = -233 + f. What is the greatest common divisor of 46 and v?
23
Let b(l) = 24*l + 3904. Let q be b(-41). What is the greatest common factor of q and 80?
40
Let a be ((-8)/(-12))/((-1)/(-462)). Let o = -102 - -130. Calculate the highest common divisor of a and o.
28
Let p = 1188 - 682. Let c(q) = q**3 + 8*q**2 - 57*q + 127. Let n be c(-13). Calculate the greatest common factor of n and p.
23
Let t(a) = -6*a**2 - 7*a - 5. Let m be t(-7). Suppose -7*z - 15 = -29. Let o be (z/5)/((-1252)/m - 5). What is the highest common divisor of o and 450?
50
Suppose 0 = -16*g + 18*g - 186. Suppose -5*c + g + 47 = 0. Calculate the highest common divisor of 224 and c.
28
Let m be 4 - 0 - (-18 + 20). Let p(o) = o**3 - 6*o**2 + 4*o - 7. Let x be p(6). Suppose 93 = m*j - x. Calculate the highest common factor of j and 22.
11
Let p = 3592 - 3574. What is the greatest common factor of p and 46?
2
Suppose -3*q = 6, -5*q + 695 = y + 2*y. Let c be ((-188)/y)/(1/(-10)). Let t = -94 + 158. What is the highest common factor of t and c?
8
Let i = -3127 - -3516. Calculate the greatest common factor of i and 1.
1
Let t(y) = 340*y + 375. Let j(u) = -20*u - 22. Let r = -22 - -20. Let p(s) = r*t(s) - 35*j(s). Let x be p(12). Calculate the highest common divisor of 26 and x.
26
Let p(o) = -o**2 - o - 31. Let h be p(-14). Let r = 226 + h. Suppose -2*s - 2*s = -52. Calculate the greatest common factor of r and s.
13
Suppose -64943 - 211025 = -28*m - 0*m. Calculate the greatest common divisor of 33 and m.
11
Let v = 911 - 906. Suppose -6*k + 5*k = 0. Suppose k*o + 5*o + 4*h = 183, 0 = 4*o - 3*h - 134. What is the greatest common factor of v and o?
5
Suppose -3*q + 26 = 4*k, 4*k - 11*q = -9*q + 36. Let i = -136 - -336. What is the greatest common factor of i and k?
8
Let v be (-14)/12*(-3 - 3). Suppose -695 = -v*n - 135. What is the greatest common factor of 140 and n?
20
Let i(s) = 10*s**2 - 2*s + 2. Let m be i(4). Let h(n) = -11*n - 59. Let w be h(-13). Suppose -154 = 77*b - w*b. What is the greatest common divisor of m and b?
22
Let g(f) be the third derivative of -f**4/8 + f**3/3 - 3*f**2. Let s be g(-3). Suppose -s*p + 7 = -10*p. Calculate the greatest common divisor of p and 7.
7
Let k(p) be the first derivative of 11*p**2/2 + 65*p - 65. Let f be k(-5). Calculate the highest common factor of f and 370.
10
Suppose -6*f + 2905 = 5*f - 9107. What is the highest common divisor of f and 6?
6
Let v = -142 + 190. Suppose 468 = 52*g - v*g. Calculate the highest common factor of 13 and g.
13
Let u(r) = -2*r**3 - 66*r**2 - 64*r + 107. Let o be u(-32). Calculate the greatest common divisor of 1819 and o.
107
Let o(h) = -90*h + 2340. Let n be o(15). What is the greatest common divisor of 2530 and n?
110
Suppose 4*o - 84 + 28 = 0. Suppose -3*s = -4*s - 2*q - 2174, -10865 = 5*s + 5*q. Let l be (2 - s/54) + (-6)/27. Calculate the greatest common factor of l and o.
14
Suppose 268 + 338 = 176*n - 98. What is the highest common factor of 2128 and n?
4
Suppose -5*i - 4*m - 4 - 7 = 0, 5*m + 1 = -2*i. Let f be (i + 2 - -6) + 195. What is the greatest common divisor of 50 and f?
50
Suppose 18*g - 21*g + 1993 = 5*r - 1717, 0 = 2*g. What is the highest common divisor of 112 and r?
14
Let q be -3 - (13 - -5)*-1. Suppose -18*t = -q*t - 297. What is the highest common factor of t and 11?
11
Suppose -5*f + 3*q - 5*q = 8, f + 5*q + 20 = 0. Let b(x) = -x**2 + 4*x + 520. Let m be b(f). Calculate the highest common divisor of 40 and m.
40
Suppose 6*b + 0*b = i - 2006, -3*b = -2*i + 3985. Calculate the greatest common factor of i and 28.
28
Let j = 589 - 575. Let k = 1769 + -1237. What is the highest common factor of j and k?
14
Let w(l) = 34*l**3 - 5*l**2 + 21*l + 9. Let x be w(3). Calculate the highest common divisor of 35 and x.
35
Let o = -181 - -183. Suppose -5*w + 3*t + t + 35 = 0, 2*w = -o*t - 4. Calculate the highest common factor of w and 12.
3
Let q be (-44874)/(-9) + (1 - -1)*-3. Calculate the greatest common factor of 60 and q.
60
Suppose 3*r = -5*n + 155, -n + 124 = 3*n - 5*r. Suppose -732 = -2*y - 2*j - 168, 5*y - 1386 = 3*j. What is the greatest common divisor of y and n?
31
Let b be 12/60 + (-181)/5. Let i be 6/b*3 - (-442)/4. Calculate the greatest common divisor of 11 and i.
11
Suppose 349*n - 13765 + 4799 = 35008. Let s(c) = -45*c - 12. Let g be s(-4). What is the greatest common divisor of g and n?
42
Let g be ((-12240)/(-108))/(-34)*504/(-10). Calculate the greatest common factor of g and 924.
84
Let i be 2/17 + 6648/136. Suppose -i*v = -47*v - 696. Calculate the greatest common factor of 36 and v.
12
Let h(o) = 5*o**3 - o**2 + 3*o - 2. Let s be h(2). Let d(m) = -174*m + 894. Let f be d(1). Calculate the greatest common divisor of s and f.
40
Let t be (-497 - -12)*18/(-15). Let u be 1/5 - -2*t/30. What is the highest common divisor of 3 and u?
3
Let t = 23 + 17. Let y = t - 38. Suppose 100 - 36 = y*p. Calculate the greatest common factor of p and 32.
32
Let i be (3 - -22)/(-5)*4/(-10). Suppose o + 7 = 3*o - g, i*g = -2*o + 16. Let d be (65/(-20))/(2/(-40)). What is the greatest common divisor of d and o?
5
Suppose 2*j = -g - 18, 2*j - 62 = 5*g - 2*j. Let k = 91 + g. What is the greatest common divisor of k and 88?
11
Let n be ((-7973)/34*(-2)/7)/(2/4). What is the highest common factor of 9983 and n?
67
Let z be 20/(-14) + (-17280)/(-5040). Let g be (-4)/(-3)*(-21)/(-2). Calculate the highest common divisor of z and g.
2
Let y = -46 + 13. Let u = y - -51. Suppose -5 = -5*t, b = t + 2*t + u. What is the highest common divisor of b and 84?
21
Suppose 14 - 16 = -v. Let j(y) = 39*y**3 + 8*y**2 - 19*y + 4. Let a be j(v). What is the highest common factor of 62 and a?
62
Suppose 0*r - 125 = 5*q - r, 5*q = 2*r - 120. Let w = -4 - q. Let f = 90 - 57. Calculate the highest common divisor of w and f.
11
Let a = -11114 + 31563. Calculate the greatest common divisor of a and 121.
121
Suppose -d - 426 = -m, -167*d + 2129 = 5*m - 171*d. Calculate the highest common divisor of m and 3315.
85
Let j(y) = 8*y**2 + 6*y + 12. Let x be (-30)/9*(-12)/80*-12. Let s be j(x). What is the greatest common factor of 165 and s?
33
Let i = 7098 - 6940. What is the greatest common divisor of 3397 and i?
79
Suppose 40*h + 9945 = 45*h. What is the highest common factor of h and 65?
13
Let g be ((-90)/(-8))/(